e -4*f - z = -535, 3*f - f - 260 = 2*z. What are the prime factors of f?
7, 19
Suppose -y + 3 + 0 = 0. Suppose y = m, 3*m - 9 = 2*d - 0*m. Suppose -a = -d*a - 4. List the prime factors of a.
2
Let a = -12 + -1. Suppose f + 3*f - 84 = 0. Let r = f + a. List the prime factors of r.
2
Let y = 15 - 11. Suppose -2*t + 5*t + 3*g = 63, 4*g + 52 = y*t. Let x = t - 8. What are the prime factors of x?
3
Suppose 0 = -d - 4*a - 5 - 6, a = 2*d - 14. Suppose -d*x - 3*g + 40 = 0, x + 2*g + 4 - 5 = 0. List the prime factors of x.
11
Let l = -33 - -62. Let a = l + -21. List the prime factors of a.
2
Let a = 139 - 68. Let o = a - 18. What are the prime factors of o?
53
Let i = -54 + 100. List the prime factors of i.
2, 23
Let b = -112 + 185. List the prime factors of b.
73
Suppose 5*d - d = -4. Let z(y) = -8*y**3 - 2*y - y**2 + 3 - 5 + 0*y**3 + 1. List the prime factors of z(d).
2
Let m = -44 + 70. List the prime factors of m.
2, 13
Let j(f) be the first derivative of f**3/3 + 3*f**2 - 4*f + 1. Let a(m) = -m - 5. Let d be a(3). List the prime factors of j(d).
2, 3
Let z = 61 - 40. What are the prime factors of z?
3, 7
Suppose l = -l - 2. Let p(x) = -x. Let v(n) = -6*n - 1. Let c(h) = l*v(h) + 4*p(h). What are the prime factors of c(6)?
13
Let i(g) be the second derivative of -5/3*g**3 + g**2 - 1/12*g**4 + 0 - 2*g. List the prime factors of i(-9).
11
Let t(k) = 2 - 2 - 2 + k + 4. Let g be t(0). What are the prime factors of (-7 - -3)*(-7)/g?
2, 7
What are the prime factors of 9/12 - (-10)/8?
2
Let d(k) = -k**2 + 7*k - 5. Let l(y) = y**2 - 4. Let p be l(-3). Let x be d(p). Suppose 61 = 2*s - 5*o, 11 + 14 = -x*o. List the prime factors of s.
2, 3
Suppose 2*x = -l + 10 + 106, -3*x = 3*l - 177. List the prime factors of x.
3, 19
Suppose -z - 4*h = -5, z - 5*h = 4*z - 8. Suppose -2*o - 87 - 163 = 0. List the prime factors of o/(-20) - z/4.
2, 3
Suppose -t = -2*z - 14, -3*t + 3 = -6*t - 3*z. Suppose 5*p = -5*y + 20, -2*y - 40 = -6*y + t*p. What are the prime factors of (-4)/(-14) + 47/y?
7
Let d = 674 + -321. What are the prime factors of d?
353
Suppose 5 = f, 3*z + 0*f = -f - 1. Let b be (-4)/(-10)*(3 - z). List the prime factors of 10/5 + b*1.
2
Let o = -4 - -6. Suppose -i = -4 - o. List the prime factors of (6/5)/(i/40).
2
Let s = 8 - 6. Let h = s + 4. List the prime factors of h.
2, 3
Let a(h) = 2*h - 6. Let v be a(9). Suppose -4*o = -3*y - 12, 0 = 4*o + 3*y + y - v. What are the prime factors of o?
3
Let c(s) be the first derivative of s**3/3 + 5*s**2/2 + 3*s - 2. List the prime factors of c(-5).
3
Suppose k = -5*k + 402. List the prime factors of k.
67
Let p = 23 + -21. Let f = 6 - 4. Suppose 0 = p*h - 6 - f. What are the prime factors of h?
2
Let q(z) = z**3 + 5*z**2 + 9*z - 13. What are the prime factors of q(5)?
2, 3, 47
Suppose -12*z + 42 = -10*z. What are the prime factors of z?
3, 7
Suppose q + 4 = 5*q. Let z be 2/((3/12)/q). Let s = z - 5. List the prime factors of s.
3
Let o = 23 + -35. Let t = -53 + 61. What are the prime factors of (-81)/o + 2/t?
7
Let u = -8 - -14. Let w be 3/u + (-15)/2. Let p(c) = -c + 3. What are the prime factors of p(w)?
2, 5
Suppose -5*l - 30 = -l + i, 4*i - 32 = 3*l. Let w = -16 - -33. Let d = w + l. What are the prime factors of d?
3
Let w(s) = s**2 + 6*s - 10. Let k be w(-8). Let v(i) = -i**3 + 6*i**2 + 5. Let n be v(k). Suppose n = l - 4. What are the prime factors of l?
3
Let z = -15 - -10. Let s(i) = -5*i**3 - i**2 - i + 5. Let n(x) = 4*x**3 + 2*x**2 + x - 4. Let v(a) = -4*n(a) - 3*s(a). What are the prime factors of v(z)?
2, 3
Let r(h) = -h**2 - 12*h - 15. What are the prime factors of r(-10)?
5
Let a = 12 + -10. Suppose -a*u + 34 = 12. What are the prime factors of u?
11
Let j = 7 - 15. Let w(n) = n**2 + 8*n + 10. What are the prime factors of w(j)?
2, 5
Let c be 5 - (5 - (-1 + 3)). Suppose c*p + 5 = 41. List the prime factors of p.
2, 3
Suppose 8*t - 560 = -2*t. List the prime factors of t.
2, 7
Suppose p - 10 = 4*t - 5*t, 3*t + 5*p - 40 = 0. Let k = t - -9. List the prime factors of k.
2, 7
Let f be (0 - 1)*(0 + 3). What are the prime factors of (-1 + -10)*f/3?
11
Let o(y) = -8*y - 8. List the prime factors of o(-5).
2
Let g(x) be the second derivative of 2*x - 5/2*x**2 - 1/20*x**5 + 1/3*x**3 + 0 - 1/4*x**4. List the prime factors of g(-4).
3
Let g = 79 + 54. List the prime factors of g.
7, 19
Suppose 2*b = b - 12. Let k = -3 - b. What are the prime factors of k?
3
What are the prime factors of (29/3)/(7/21)?
29
Let z = 50 + -15. Let p = z + -19. What are the prime factors of p?
2
Let d be ((-45)/4)/((-6)/16). Suppose 0*t - d = -3*t. List the prime factors of t.
2, 5
Let q be (12/7)/(8/84). Let h = 35 + -25. Let s = q - h. What are the prime factors of s?
2
Let q = 34 + -18. List the prime factors of q.
2
Let y(j) be the second derivative of -j**3/6 + 9*j**2 - 4*j. What are the prime factors of y(8)?
2, 5
Let c(d) = d**2 - 10*d - 10. List the prime factors of c(13).
29
Suppose -o = 2*o, 4*q + 2*o = 732. What are the prime factors of q?
3, 61
Suppose -i + 6*i = -20. What are the prime factors of i/14 - 284/(-14)?
2, 5
Let r = -6 - -11. Suppose 3*t - 2*t = 0. Let w = r + t. List the prime factors of w.
5
Let w = 18 + -16. Suppose c - 2*m = 33, -3*m - 81 = -2*c - w*m. List the prime factors of c.
43
Suppose 4*v + 68 - 344 = 0. List the prime factors of v.
3, 23
Let j(x) = x - 3. Let p be j(-7). Let c(f) = f**3 + 11*f**2 + 10*f + 8. What are the prime factors of c(p)?
2
Suppose 3*y - 22 = -z + 42, -80 = -3*y - 5*z. Suppose -20 = -4*g + y. Suppose -w + g*n - 5*n = 15, 0 = 4*n - 20. List the prime factors of w.
2, 5
Suppose 4*q - 4*i = -3*i + 545, 4*i = 2*q - 262. List the prime factors of q.
137
Let r(q) = -q**3 - 6*q**2 - q + 12. What are the prime factors of r(-6)?
2, 3
Suppose -3*n - 5*j = n - 280, -4*j = -2*n + 114. What are the prime factors of n?
5, 13
Let b(c) = -3*c**3 - 3*c**2 - c. Let i(y) = -y + 13. Let a be i(15). List the prime factors of b(a).
2, 7
Let r = 22 - -27. List the prime factors of r.
7
Let j be ((-1)/(-1))/(3/6). Suppose j*d + 4*x - x = 25, 5*d - 56 = -x. What are the prime factors of d?
11
Let a be -1 + (-2)/(6/(-27)). Suppose -7*h = -3*h - a. Suppose 0 = q - h*q + 13. List the prime factors of q.
13
Let d(n) = 5*n**2 + 9*n - 3. List the prime factors of d(3).
3, 23
Let l(z) = z - 4. Let q be l(4). Suppose q = -3*i + i + 8. List the prime factors of i.
2
Let w = -8 - -11. Suppose -2*g = -3*a - 8 - 13, 0 = a - w. What are the prime factors of g?
3, 5
Let l be 4/6 - 1430/30. Let z = 85 + l. List the prime factors of z.
2, 19
Let h(f) = f**3 + 3*f**2 + 3*f + 2. List the prime factors of h(3).
5, 13
Let v(j) = 6*j**2 + 7*j + 4. Let m(p) = -p**2 - p. Let f(x) = 5*m(x) + v(x). List the prime factors of f(-4).
2, 3
Suppose 0 = 4*b + 2*n - 140, 54 = 2*b - 6*n + 3*n. What are the prime factors of b?
3, 11
Let s(k) = k**3 - k**2 - k - 1. Let q(r) = -5*r**3 + 12*r**2 + 10*r + 3. Let l(p) = -q(p) - 4*s(p). What are the prime factors of l(9)?
2, 7
Suppose d = 3*h - 5, -3*d + d + 4 = h. Let y = h + 0. Suppose y*g - 4 = 3*m - 31, 5*m - 67 = -4*g. List the prime factors of m.
11
Let a(s) = -s**3 - 4*s**2 + 12*s + 8. What are the prime factors of a(-8)?
2, 3, 7
Let y(g) = -13*g - 18. List the prime factors of y(-5).
47
Let y(p) = -p**2 - 10*p - 3. List the prime factors of y(-6).
3, 7
List the prime factors of -1 + (-1 + -1 - -38).
5, 7
Let k be 125/(-10)*(-12)/(-15). What are the prime factors of k*-2*(-12)/(-16)?
3, 5
Let j(b) = 12*b - 47. What are the prime factors of j(11)?
5, 17
Let t(o) = -o**3 + 7*o**2 + 8*o - 6. List the prime factors of t(7).
2, 5
Suppose -75 = -5*q + 2*j + 58, j = -4. What are the prime factors of q?
5
Let n be -10*2/6*3. Let l = 10 - n. List the prime factors of l.
2, 5
What are the prime factors of (1/2)/((-11)/(-1056))?
2, 3
Let j be ((-24)/18)/(2/(-9)). Let z = -3 + j. Suppose 0 = -g + z*g - 24. What are the prime factors of g?
2, 3
Let r be ((-8)/3)/((-6)/9). Let u = r - 2. Suppose 3*h = 23 - u. What are the prime factors of h?
7
Let l = -3 - -43. List the prime factors of l.
2, 5
Suppose 0 = -5*q + 25, 0 = 4*x + 5*q - 26 - 15. Suppose u - 22 = -3*w, -x*u + 3*w = -u - 42. List the prime factors of u.
2
Suppose 5*m - 152 + 37 = 0. List the prime factors of m + (-5 - -3) - -3.
2, 